.
5
Let v = -29 - -24. Let d be (2 - -2)*(-10)/v. Suppose -h - 21 = -d*h. Let s(o) = -2*o**2 + 4*o - 1. Give s(h).
-7
Let k(b) = -5*b**2 - 2*b - 4. Let v(u) = u**2 - u. Let f(r) = -8*r**2 - 8*r - 7. Let j(q) = f(q) - 3*v(q). Let t(i) = -6*j(i) + 13*k(i). Give t(-7).
11
Let m be 12/(-4)*-1*-16. Let s be (-4)/(-12)*m/(-2). Let i(w) = 3*w**2 + s*w**2 - 10*w**2. Give i(2).
4
Let u(l) = -3*l - 4. Suppose -4*z - 34 = 4*x - 2, 4*x + 36 = -2*z. Let a = x - -6. Determine u(a).
8
Let y(t) = -4*t - 2. Let m(g) = 7*g**2 + 7*g + 4. Let o(x) = -m(x) - 2*y(x). Suppose 3*z - 4 = -1. Determine o(z).
-6
Let d(q) be the first derivative of 3/2*q**2 + 0*q - 2/3*q**3 - 1/2*q**4 - 2. Let k(p) = p**3 - p**2. Let g(u) = d(u) + 3*k(u). Give g(4).
-4
Let t(o) be the second derivative of 0*o**2 - 16*o + 0 + 13/12*o**4 + 0*o**3. Give t(-1).
13
Let s(d) = -3*d**3 + 24*d**2 - 27*d + 12. Let l(f) = 2*f**2 - f + 3. Let q be l(0). Let t(m) = -m**3 + 8*m**2 - 9*m + 4. Let r(v) = q*s(v) - 8*t(v). Give r(7).
-10
Let t(x) be the first derivative of x**2/2 - 14*x + 78. Determine t(10).
-4
Let l(k) = k + 10. Let x = -37 - -41. Suppose 5*h - x*s + 50 = 0, -3*h + 2*s - 6*s = 30. Determine l(h).
0
Suppose 3*s - 3 = 27. Suppose -20 = -5*d + s. Let o(z) = z**3 - 6*z**2 + z - 8. Calculate o(d).
-2
Let r(g) = -g**3 + 5*g**2 + 3*g**2 - g**2 - 4 + 0*g**2. Let p = -22 - -15. Let i(s) = -s. Let n be i(p). Determine r(n).
-4
Let m(w) = -w - 6. Let c(x) = -x**2 - 3*x - 2. Let p be c(-1). Suppose p*n - 4*n = n. Calculate m(n).
-6
Let p = 8 + -4. Suppose 0 = 3*f - 16 + 1. Suppose 5*y = -p*k + 3, -k + f*k + y + 9 = 0. Let s(i) = -3*i - 3. Determine s(k).
6
Let s be 1 - (-1 - (-4)/4). Let d(z) = -11*z**2 + 2*z - 1. Determine d(s).
-10
Let y(h) = -h - 1. Let q(x) = -1. Let f(o) = q(o) - y(o). Let g(n) = 3*n**2 - 5*n. Let u(v) = 4*f(v) + g(v). Calculate u(-1).
4
Let n(d) = d**2 + 1. Suppose 2*v + 8 = 12. Let u = v - -8. Suppose 2*a - 3*c + c = 12, 0 = -5*a + c + u. Determine n(a).
2
Suppose -3*u = u + 3*o - 40, -3*u = -o - 17. Let t(h) = -h + 2*h - 2 - 6. Determine t(u).
-1
Let l(k) be the first derivative of -5*k**2/2 + 16*k - 519. Calculate l(12).
-44
Let b(m) = -4*m**3 + 2*m**2 - 3*m + 3. Let o = 59 - 47. Let z(j) = j**2 - 10*j - 22. Let t be z(o). What is b(t)?
-27
Let l(k) be the second derivative of 10*k + 0*k**3 - 1/12*k**4 + 0 - 2*k**2. Let b(w) be the first derivative of l(w). Calculate b(2).
-4
Suppose 2*u - 3*v = -10, 4*u - 3*v + 20 = v. Let x(b) = -b + 1. Let o(g) = -3*g. Let m(s) = o(s) - x(s). Give m(u).
9
Suppose 41 = 3*h - 5*x, -46 = -h - 3*h - 2*x. Let l(o) = o**3 - 11*o**2 - 13*o + 13. Let z be l(h). Let r(c) = c**2 + 0*c - 6*c**2 - c - 2*c**2. What is r(z)?
-8
Let g = 16 - 10. Let x(i) = -3*i - 8 - 5*i + 5*i. Let s(t) = -t. Let n(f) = g*s(f) - x(f). Determine n(6).
-10
Let c(x) be the third derivative of x**5/60 - x**4/8 - 5*x**3/6 + 2*x**2 - 36*x. Determine c(6).
13
Let v(a) = -5*a - 8 - 4 - 390*a**3 + 2*a**2 + 397*a**3. Let u(i) = 4*i**3 + i**2 - 3*i - 6. Let q(y) = -5*u(y) + 3*v(y). Calculate q(0).
-6
Let y(k) be the second derivative of k**3/6 + 5*k**2/2 - 5*k. Let w = 78 - 72. What is y(w)?
11
Let p(t) be the third derivative of t**5/60 + t**4/8 - 3*t**3/2 + 2*t**2 - 37*t. Determine p(3).
9
Let j(q) = 6*q**2 + 7*q**2 - 26*q**2 - 1 + 5*q**2 + 8*q + 7*q**2. Calculate j(6).
11
Suppose -16 - 32 = 6*k. Let i(a) = a**2 + 12*a + 24. Give i(k).
-8
Let y(s) = s**2 - 33*s + 13. Let t be y(33). Let d(r) = r**3 - 14*r**2 + 13*r. Give d(t).
0
Suppose 168 = -26*w - 248. Let c(x) = x**2 + 20*x + 16. Calculate c(w).
-48
Suppose -3*n = t + 5, t = -3*n - t - 1. Let j be -3 - -1 - n - 2. Let k(u) = 5*u - 4. Let i(p) = 6*p - 3. Let q(y) = -3*i(y) + 2*k(y). Determine q(j).
9
Let s be 4/(1 + -3) - -2. Let z(p) = -p**2 + 2*p + 6. Let g(n) = -n**3 + n**2 - n + 5. Let a(k) = g(k) + z(k). Calculate a(s).
11
Suppose -5*j - 5*o = -15, 2*j - 3*j - 2*o = -3. Suppose -21 + 0 = -j*g. Let d(f) = 2*f - 8. Calculate d(g).
6
Let d(a) = -4*a**2 - a. Suppose -2*k + 19 = -k. Suppose -157 + 137 = n. Let x = n + k. What is d(x)?
-3
Suppose -3*d = -12, -r - r - 2*d = -32. Suppose r*s - 1 - 11 = 0. Let t(y) = -4*y + 1. Determine t(s).
-3
Let a be (-8)/(-16) + (-6)/(-4). Suppose u = -3*t - 3, -u + a + 3 = t. Let z(y) = y - 6. Calculate z(u).
3
Let w(v) = -2*v - 3. Suppose -11*c = -17*c - 270. Let u be 3*3*(-40)/c. Calculate w(u).
-19
Suppose 4*n + 7 = -m, 35 = -5*m - 0*m + 5*n. Let q(b) = -b**2 - 2*b + 5. What is q(m)?
-30
Let b(j) = 14*j**3 - j**2 + j. Suppose p + 5*m - 1 = 0, -2*p + 2 = -6*m + 9*m. What is b(p)?
14
Let i(f) = 9*f - 9. Let x(d) = -8*d + 8. Let w(l) = -4*i(l) - 5*x(l). Let z = -7099 - -7103. Give w(z).
12
Let i(u) = 572*u**2 - 271*u**2 - 277*u**2 - 1 - 2*u. Give i(-1).
25
Suppose -2*i - 2*i = 0. Suppose -r - r - p + 6 = i, -5*r = 2*p - 13. Let u(m) = -3*m**3 + 2*m**2 - 7*m**3 + m - 3*m**2 + 5 - 6. Give u(r).
-11
Let k(v) = 4*v + 6. Let q = -181 + 181. Determine k(q).
6
Let t be 40/32*-2*12/(-5). Let f(v) = -v**3 + 5*v**2 + 9*v - 6. Calculate f(t).
12
Let d(b) be the second derivative of -b**3/3 - b**2 + b. Suppose -65*j = -68*j + 15. Determine d(j).
-12
Let w(h) be the third derivative of h**5/30 - 7*h**4/8 - 2*h**3/3 + 161*h**2 + 3*h. Determine w(11).
7
Let z(c) = 620*c - 1246*c - 1 + 617*c. Give z(4).
-37
Let b(f) = f**2 + f - 1. Let v(p) = -3*p**2 + 10*p + 2. Let a(u) = -4*b(u) - v(u). Give a(-14).
2
Let y be (100 - 107) + (5 + -1)/(-2). Let u(t) = t + 13. Calculate u(y).
4
Let i(k) = 2*k**2 + k + 1. Let g(v) = -2*v**2 - 1. Let q(x) = g(x) + 2*i(x). Suppose 4*p = 4 - 12. What is q(p)?
5
Let i be (-6)/(1 - 0/1). Let x(z) = z**3 + 18*z**2 - z - 16. Let s be x(-18). Let b(w) = -w**s + 1 - 7*w + w - 7. Calculate b(i).
-6
Let s(r) = -r**2 - 5*r - 3. Suppose 0 = 2*p + 2*p + 56. Let g = p + 11. Determine s(g).
3
Let d(p) = 4*p + 7. Let g = 403 - 407. What is d(g)?
-9
Let n(c) = 16*c - 1. Let d(b) = -b**2 - 9*b + 1. Let t be d(-9). Let h(i) = -i**2 + 4*i - 4. Let g be h(t). Give n(g).
-17
Let i(f) = -39*f - 9. Let k(r) = -21*r - 4. Let a(p) = 6*i(p) - 11*k(p). Give a(-4).
2
Let w be -4 + (0 - -2) - 4. Let v(o) = -o**3 - 6*o**2 - 6*o - 2. What is v(w)?
34
Suppose -535*h + 542*h + 28 = 0. Let f(m) be the second derivative of m**3/6 - 3*m**2/2 + 2*m. Give f(h).
-7
Let z(i) = -i**3 - 5*i**2 + i - 1. Let r(s) = s**2 - 2*s - 2. Let j be r(-2). Let v(t) = 13 - 4*t + j*t + t - t. Let y be v(-9). Calculate z(y).
-6
Let p(t) = -t**3 + 13*t**2 + 14*t. Let c be p(14). Let y be 1 - (-6)/(-9)*-3. Let k(n) = n**3 + 33*n + 13 - 32*n - 2*n**y. What is k(c)?
13
Let h(k) = 16*k + 9*k + 10*k**2 + 0 - 11*k**2 - 1 - 24*k. Suppose -3*y = -y + 4. What is h(y)?
-7
Suppose -r + 12 = 2*g, 2*g + 3*r = 5*r. Let d(s) = -4*s**2 + 2*s - 5. Give d(g).
-61
Let r be (-6 - 1) + -106 + 118. Let x(o) be the third derivative of -10*o**2 + 2/3*o**3 + 0 + 0*o - 5/24*o**4 - 1/60*o**r. Determine x(-5).
4
Let j(n) = -n**3 + n**2 - n. Let d = 6 - -3. Suppose 10*z - 1 = d*z. Calculate j(z).
-1
Let h(o) = o + 3*o - 3*o + 0*o - 1. Let a be 40/15*9/4. Give h(a).
5
Let b(f) = 17*f**3 - f + 2. Let g be b(1). Suppose -g*k + 23*k - 15 = 0. Let n(w) = -w + 3. What is n(k)?
0
Let a(i) = -i**3 - 6*i**2 - 3. Let u(n) be the third derivative of n**6/120 - n**5/20 - n**4/24 - n**3/2 - 4*n**2. Let q be u(3). Calculate a(q).
-3
Suppose -r - l = 1, -15 = 5*r - 2*l - 3. Let o(a) = a + 3 + 0 + 7*a**2 - 1. Let f(s) = 1. Let x(t) = r*f(t) + o(t). What is x(-1)?
6
Let x(s) = 5*s - 5. Let a(o) = 4*o - 8. Let g(t) = t + 1. Let j(f) = a(f) + 2*g(f). Let k(y) = -4*j(y) + 5*x(y). Let u(c) = c - 1. Let p be u(-2). Give k(p).
-4
Let z(i) be the second derivative of i**5/20 + 5*i**4/12 - 4*i**3/3 + 2*i**2 + 18*i. Calculate z(-6).
16
Let l(k) be the second derivative of -k**3/2 + k**2/2 - 2*k. Let p = -24 - -24. Suppose -4*w - 12 + 4 = p. Determine l(w).
7
Let b(u) be the second derivative of -u**5/20 + u**4/3 - u**3/3 + 3*u**2 - 295*u. What is b(5)?
-29
Suppose 30*a + 2 = 29*a. Let x(d) = 3*d**2 - d. Let k(h) = h**2 - h. Let z(g) = a*k(g) + x(g). Let n(p) = p**2 - 3*p. Let f be n(3). Give z(f).
0
Let v be (-2)/12*14 + (-6)/9. Let i(q) = 12*q - 1. Give i(v).
-37
Suppose -19 + 91 = -12*i. Let u(q) = q**2. Let y(x) = 5*x + 4. Let k(m) = -2*u(m) - 2*y(m). Calculate k(i).
-20
Let g